*b + 2 - 6. Suppose 0*t = 2*t - 28. Suppose 2*k = -f*j + t + 22, -k - j = -14. What is the units digit of k?
0
Let a(i) = i**3 + 8*i**2 - 10*i - 6. Let u be a(-9). Suppose 0 = -4*s - u*t + 5*t - 6, 2*s = 3*t - 1. What is the units digit of (s/(-7))/(1/7)?
2
Suppose -4*l + 3*z = -300, 4*l - 408 = 2*z - 108. What is the units digit of l?
5
Suppose -36 + 15 = -3*s. What is the units digit of s?
7
Suppose 0 = 3*r + 4 + 2. Let o be (4 + r)*11/(-2). Let h = o - -18. What is the units digit of h?
7
Suppose 0 = 2*i + i + 2*o + 7, 0 = 3*o - 12. Let n = i - -23. What is the units digit of n?
8
Let k = -15 - -15. Suppose w - x = 11, 0*w - 2*w + 4*x + 12 = k. What is the tens digit of w?
1
Let p(z) = -12*z**3 + z**2 + 2*z + 1. Let u be p(-1). Suppose -3*r + 57 = -5*i, -i + u = r - 5*i. What is the units digit of r?
4
Let n be -37 - ((-6)/(-2))/3. Suppose -x = 3*b - 50, 2*x + 2*b = b + 105. Let a = n + x. What is the tens digit of a?
1
Let g = 9 + -4. Let c(d) = 7*d + 2*d**2 - 3*d**2 + 0*d**2 - g. What is the units digit of c(4)?
7
What is the hundreds digit of ((-147)/(-12) - -4)/((-3)/(-24))?
1
Suppose 0 = -4*l - 0*l. Suppose -2*a - 2*j = 0, 3*a + l - 10 = 2*j. Suppose -a*w - m + 6 = w, 15 = w - 4*m. What is the units digit of w?
3
Suppose -25 = -g - 3*f, 120 + 39 = 5*g - 2*f. What is the tens digit of g?
3
Let t(b) = -3*b - 1. Let n be t(-2). Suppose -y + h + 22 = 0, n*y + 5*h - 50 - 90 = 0. What is the units digit of y?
5
Let j = 4 - 4. Let o be -2 + 4/(1 - j). What is the units digit of 1 - (o - 2) - -5?
6
Suppose -4*k + 385 = -z, -3*k + 260 = z + 4*z. What is the tens digit of k?
9
Let n = 3 + -1. Let c be (n + -1 + 2)*1. Suppose 5 = 5*p - 5*d - 20, 0 = -p + 3*d - c. What is the units digit of p?
9
Let n = 12 + 8. Suppose w = -0*w + 2*s + 18, 3*s = w - n. What is the tens digit of w?
1
Let s(p) = -p + 24. What is the units digit of s(9)?
5
Let p(k) = k + 6. Let v be p(-6). Suppose v = -3*b, -2*d = 5*b - 0 + 4. Let h = -1 - d. What is the units digit of h?
1
What is the units digit of 102 + 0 - (2 + -5)?
5
Let j(u) be the first derivative of -u**3/3 + 22*u - 2. What is the units digit of j(0)?
2
Let n = 45 - 63. What is the tens digit of (-858)/n - 4/6?
4
Suppose 3*u - 10 = 2*u. Suppose 4*h + 2*n = 20, -h = h - 4*n + u. Let k(v) = v**3 - 2*v**2 - 2*v + 4. What is the units digit of k(h)?
7
Let y = 62 - -64. What is the hundreds digit of y?
1
Suppose -3*i + 5*r + 16 + 32 = 0, 40 = 5*i + 5*r. What is the tens digit of i?
1
Let v(s) = s**2 - 2*s - 3. What is the tens digit of v(-4)?
2
Let a(q) = -2 - 2*q + q + 2*q. Let f be a(5). Suppose -5*v = 2*r - 33, 4*r - v = f*v + 52. What is the tens digit of r?
1
Suppose -r - 2*r = -6. Let o be 2*r/(-4)*-14. Let l = -10 + o. What is the units digit of l?
4
Suppose 6*m = -3*c + 2*m + 194, 2*m + 182 = 3*c. What is the tens digit of c?
6
Suppose 3*v = -19 + 100. Suppose 0 = -c + 4*c - 9. Suppose -c*y = -0*y - v. What is the units digit of y?
9
Suppose -m + 1 + 4 = w, 0 = -w - 3*m + 7. What is the units digit of 1/(-4) - (-37)/w?
9
Let b = 23 - 20. Suppose 0 = -2*q - m + 47, 4*q + b*m - 95 = 2*m. What is the units digit of q?
4
Let g(i) = 3*i**2 + 4*i - 3. Let z be (-28)/6 - 4/(-6). Let h be g(z). Suppose h = a + 11. What is the units digit of a?
8
Suppose 0 = 2*p - 7*p - 4*f - 16, -2*f = 4*p + 8. Let r(h) = -2 + 7 + 2 + h. What is the units digit of r(p)?
7
Let b be (-2)/4 - (-77)/(-14). Let s = b + 8. Suppose 0 = s*i + 3 - 33. What is the tens digit of i?
1
Suppose 4*s + 5*q - 20 = 0, -4*q - 9 = 3*s - 23. Let f(n) = n - 4. What is the units digit of f(s)?
6
Let f(v) = -3*v - 5. Let t(c) = -16*c - 24. Let z(h) = 11*f(h) - 2*t(h). Let o be z(-7). What is the units digit of 0 - (-21 + (o - -1))?
0
Suppose 3*z - 5 - 2 = -j, 5*j = 2*z + 86. What is the tens digit of j?
1
Suppose 4*i + 0*g + g - 278 = 0, -4*g - 8 = 0. What is the tens digit of i?
7
Suppose -2*i + 4*j - 236 = -610, -j = i - 187. What is the units digit of i?
7
Let i(y) = 5*y - 5. Let o(z) = -z + 7. Let g be o(-8). Let j = -11 + g. What is the units digit of i(j)?
5
Suppose 0*v = 3*v + a - 118, -6 = 3*a. Let s = v - 9. What is the units digit of s?
1
Suppose 0 = 3*s - 2*s + 12. Let c = s - -21. What is the units digit of c?
9
Let l(a) = a**3 + 8*a**2 + 5*a - 8. Let g be l(-6). Suppose 0*h - 2*h = -g. What is the units digit of h?
7
Let v = -15 + 31. Suppose 0 = 2*j - 2*s + 5*s + 4, -j - 5*s - v = 0. What is the units digit of j?
4
Suppose 2*r - 10 = -3*r. Let a = r + -1. What is the units digit of a?
1
Suppose 0 = 3*n - 378 + 132. What is the tens digit of n?
8
Suppose 0*p + 3*p - 213 = 0. What is the units digit of p?
1
Suppose -612 = -5*v + 453. What is the units digit of v?
3
Let n(b) = -b**3 + 9*b**2 - 7*b + 2. Let r be (6/(-10))/((-2)/90). Let k = r - 19. What is the units digit of n(k)?
0
Let y(z) = -z**2 + 10*z - 8. Let x be y(9). Let m be -2*(x + 7/(-2)). Suppose 36 = -2*w + m*w. What is the tens digit of w?
1
Let s(v) = -4 + 6 - 6 - 2*v - 1 + v**2. Let l be (2 - 0) + 1 + 2. What is the tens digit of s(l)?
1
Let g be 1 + 0 + -4 + 3. What is the units digit of (-5 - g/(-3))*-1?
5
Let i be (-346)/(-6) + 2/(-3). Suppose -39*h = -33*h - 414. Suppose -a + r + i = 2*a, r = -4*a + h. What is the units digit of a?
8
Suppose 0 = 5*i - 28 - 7. What is the units digit of 1/((-1)/(i/(-1)))?
7
Suppose 7 = -5*a + 6*a. Suppose 3*s - a*s = -20. Suppose -5 = -g + 5*d, -s*g + 23 + 2 = -3*d. What is the units digit of g?
5
Suppose 6*q - 48 = 5*q - 3*u, -144 = -3*q - u. What is the units digit of q?
8
What is the units digit of 13 + 0 + -4 - 3?
6
Let o = 13 - 8. Let m = 8 - o. Suppose -x + 3*g + 2 - 1 = 0, 15 = m*x - 3*g. What is the units digit of x?
7
Suppose 4*a = -0*a - 4*l + 92, a - 22 = -2*l. Suppose -2*d + 6*d - a = 0. What is the units digit of (4 - 2)/(4/d)?
3
Let h = -718 + 1040. What is the units digit of h?
2
Let c = 1 + -8. Let l(j) = j**3 + 8*j**2 + 4*j - 6. What is the units digit of l(c)?
5
Let w(b) = 4*b - 1. Let o be w(-1). Let n be 12/30 - (-32)/o. Let g = 4 - n. What is the tens digit of g?
1
Suppose 3*k = k + 4*s + 144, 0 = 5*k - s - 378. What is the units digit of k?
6
Let s be 3 - (4 - -2) - -8. Suppose 0 = -s*m - 2*f + 7*f + 105, 4*f + 6 = m. What is the units digit of m?
6
What is the units digit of (-14)/(-4)*(-2 - -60)?
3
Let o(n) = -n**3 - 8*n**2 - 5*n - 6. What is the hundreds digit of o(-9)?
1
Let x(t) = 15*t - 7. Let j(h) = -45*h + 20. Let u(l) = 6*j(l) + 17*x(l). What is the units digit of u(-1)?
6
Let z(y) = -y**3 - 4*y - 6. What is the units digit of z(-4)?
4
Let w(k) = -k**3 + 6*k**2 - 9*k + 8. Let l be w(4). Suppose -l*c + 89 = 25. What is the units digit of c?
6
Let h = 11 + 1. Let r = 17 - h. What is the units digit of ((-1)/3)/(r/(-30))?
2
Suppose 0 = 5*f + 5, -2*g - 3 = 3*f - 12. Suppose w = 4*s + 36, -2*s - 102 = -5*w + g. What is the units digit of w?
0
Let h be ((-12)/(-8))/((-3)/176). What is the units digit of -1*3 + h/(-4)?
9
Let i = -15 - -21. What is the units digit of i?
6
Let x(c) = 0 + 0 + c. Let o be x(9). Suppose o*l = 4*l + 20. What is the units digit of l?
4
Suppose 2*f = 2*g + 12, 2*f - 6*f + 3*g = -26. What is the units digit of f?
8
Let t(x) = x**2 - 5*x + 5. Let v be t(5). What is the units digit of 5/v + 34 + 0?
5
Suppose 4*r + 4*h - 40 = 0, 5*r + 3*h = 8*h. Suppose -f + r*f = 28. Suppose -5*u + 40 = -5*p, -3*u - f*p = -4*p - 36. What is the tens digit of u?
1
Let u be 0 + (0 + 2)/(-2). What is the units digit of 1*-1 - (-3 + u)?
3
Let p = 64 + -29. What is the tens digit of p?
3
Suppose 0 = 5*c - 0*c + v - 17, 2*c - 4*v = -2. Suppose -3 = c*t - 9. Suppose 2*n + t*n - 12 = 0. What is the units digit of n?
3
Let j = -46 + 252. What is the tens digit of j?
0
What is the tens digit of 3 + ((-2)/(-4))/((-4)/(-808))?
0
Let r(b) = -b**2 + b + 31. What is the units digit of r(0)?
1
Suppose 2*p - p - 8 = 0. Let f be 2/6 + (-38)/6. Let g = p + f. What is the units digit of g?
2
Suppose 4*v + 3*h + 0*h + 18 = 0, -h = -5*v - 32. Let w = v + 8. Suppose -w*s + f = -11, 3*s - 14 = -2*s - 2*f. What is the units digit of s?
4
Let w be 4/6 - 13/(-3). Suppose 0 = q + 4*q - w. What is the units digit of q/(3/7)*3?
7
Let k be (2/6)/((-1)/(-9)). Suppose -2*u + 69 = 3*u - 3*b, k*u = 2*b + 42. Let g = u + -7. What is the units